{"id":42,"date":"2015-09-22T14:53:17","date_gmt":"2015-09-22T12:53:17","guid":{"rendered":"http:\/\/chor-der-hwsp.de\/HPneu\/?page_id=42"},"modified":"2025-11-28T13:47:22","modified_gmt":"2025-11-28T12:47:22","slug":"chronik","status":"publish","type":"page","link":"https:\/\/chor-der-hwsp.de\/HPneu\/chronik\/","title":{"rendered":"Chronik"},"content":{"rendered":"\n<p><span style=\"color: #666699;\"><strong>Chronik<\/strong><\/span><\/p>\n\n\n\n<p><span style=\"color: #666699;\"><strong>Gr\u00fcndung und Entwicklung des Chors<\/strong><\/span><\/p>\n\n\n\n<p><span style=\"color: #666699;\">Der Chor der Hessischen Wasserschutzpolizei wurde am 11. Februar 1969 von sangesfreudigen Mitgliedern der Hessischen Wasserschutzpolizei in Mainz-Kastel gegr\u00fcndet, am 13. April 2019 feierte der Chor sein 50j\u00e4hriges Bestehen mit einem Jubil\u00e4umskonzert im Kloster Eberbach.<\/span><\/p>\n\n\n\n<p><span style=\"color: #666699;\">In der Chronik des Chors zum 25j\u00e4hrigen Bestehen finden wir die Namen der Gr\u00fcndungsmitglieder aus dem Jahr 1969:<\/span><\/p>\n\n\n\n<ul class=\"wp-block-list\">\n<li><span style=\"color: #666699;\">Walter Bauer<\/span><\/li>\n\n\n\n<li><span style=\"color: #666699;\"><strong>Hans Ludwig Faber<\/strong><\/span><\/li>\n\n\n\n<li><span style=\"color: #666699;\">Heinrich Fl\u00e4chsenhaar<\/span><\/li>\n\n\n\n<li><span style=\"color: #666699;\">Heinz Helbig<\/span><\/li>\n\n\n\n<li><span style=\"color: #666699;\">Karl Holl<\/span><\/li>\n\n\n\n<li><span style=\"color: #666699;\">Peter Kindervater<\/span><\/li>\n\n\n\n<li><span style=\"color: #666699;\">Horst Klein<\/span><\/li>\n\n\n\n<li><span style=\"color: #666699;\">Dieter Leonhard<\/span><\/li>\n\n\n\n<li><span style=\"color: #666699;\">Karl Lochmann<\/span><\/li>\n\n\n\n<li><span style=\"color: #666699;\">Franz Mangesldorf<\/span><\/li>\n\n\n\n<li><span style=\"color: #666699;\">Franz Mrosek<\/span><\/li>\n\n\n\n<li><span style=\"color: #666699;\"><strong>Dietrich Rehwald<\/strong><\/span><\/li>\n\n\n\n<li><span style=\"color: #666699;\"><strong>Frank Schachtner<\/strong><\/span><\/li>\n\n\n\n<li><span style=\"color: #666699;\">Franz Schnee<\/span><\/li>\n\n\n\n<li><span style=\"color: #666699;\">Kurt Sch\u00fccker<\/span><\/li>\n\n\n\n<li><span style=\"color: #666699;\">Hans-Otto Weiler<\/span><\/li>\n\n\n\n<li><span style=\"color: #666699;\">Albert Wellmann<\/span><\/li>\n\n\n\n<li><span style=\"color: #666699;\">Werner Raimund<\/span><\/li>\n\n\n\n<li><span style=\"color: #666699;\">Erich Zink<\/span><\/li>\n<\/ul>\n\n\n\n<p><span style=\"color: #666699;\">Die <strong>drei noch lebenden Gr\u00fcndungsmitglieder<\/strong> waren beim Festkonzert 2019 zu Gast.<\/span><\/p>\n\n\n\n<p><span style=\"color: #666699;\">Die Initiatoren waren insbesondere ehemalige \u201eFahrensleute der christlichen Seefahrt\u201c, die ihr maritimes Liedgut auffrischen und pr\u00e4sentieren wollten. Zu ihnen z\u00e4hlte auch der ehemalige Polizeibezirkskommissar Heinrich Fl\u00e4chsenhaar. Er hatte vor seinem Eintritt in die Polizei Musik studiert und konnte als musikalischer Leiter gewonnen werden. Ein Gl\u00fcckstreffer, der f\u00fcr den sp\u00e4teren Chor eine hervorragende Startposition bedeutete.<\/span><\/p>\n\n\n\n<p><span style=\"color: #666699;\">Ihm gelang es innerhalb k\u00fcrzester Zeit, die traditionellen Lieder der Seefahrt- die Shantys- vierstimmig zu setzen und einzustudieren. Noch immer geh\u00f6ren von Heinrich Fl\u00e4chsenhaar gesetzte Shantys zum Repertoire des Chors.<\/span><\/p>\n\n\n\n<p><span style=\"color: #666699;\">Schon nach wenigen Monaten wagte sich die Gesangsgruppe mit Konzerten in die \u00d6ffentlichkeit und konnte sogar vor kritischem Publikum bestehen.<\/span><\/p>\n\n\n\n<p><span style=\"color: #666699;\">Der Chor hat sich schon seit l\u00e4ngerer Zeit auch S\u00e4ngern ge\u00f6ffnet, die nicht der Polizei angeh\u00f6ren. Somit sind neben aktiven und pensionierten Polizeibeamten auch Angeh\u00f6rige anderer Berufsgruppen im Chor als S\u00e4nger oder als f\u00f6rdernde Mitglieder aktiv. Durchschnittlich 30 S\u00e4nger besuchen mit gro\u00dfem Engagement und teilweise weiten Anfahrtswegen die Chorproben in der Wiesbadener Mudra-Kaserne im Stadtteil Mainz-Kastel.<\/span><\/p>\n\n\n\n<p><span style=\"color: #666699;\">Schon nach zwei Jahren trat die Gesangsgruppe 1971 dem S\u00e4ngerbund der Deutschen Polizei als 41. Mitglied bei und nennt sich seitdem \u201eChor der Hessischen Wasserschutzpolizei\u201c.<\/span><\/p>\n\n\n\n<p><span style=\"color: #666699;\">Die immer h\u00e4ufiger werdenden Auftritte in der \u00d6ffentlichkeit erh\u00f6hten den Bekanntheitsgrad so, dass es schlie\u00dflich zu Einladungen aus dem gesamten Bundesgebiet und aus dem europ\u00e4ischen Ausland kam.<\/span><\/p>\n\n\n\n<p><span style=\"color: #666699;\">Eigene Konzerte \u2013sp\u00e4ter auch unter dem Motto \u201eB\u00fcrger und Polizei \u2013 singen und musizieren\u201c versetzen den Chor zunehmend in die Lage, teilweise betr\u00e4chtliche Reinerl\u00f6se an karitative Einrichtungen \u00fcbergeben zu k\u00f6nnen.<\/span><\/p>\n\n\n\n<p><span style=\"color: #666699;\">Damit kommt der Chor seiner sich selbst in der Satzung gesetzten Verpflichtung nach, \u00d6ffentlichkeitsarbeit f\u00fcr die Hessische Polizei zu betreiben und damit einen wichtigen Beitrag f\u00fcr das gute Verh\u00e4ltnis zwischen Polizei und B\u00fcrgern zu leisten.<\/span><\/p>\n\n\n\n<p><span style=\"color: #666699;\">Der Chor ist mit derzeit mehr als 35 aktiven S\u00e4ngern und zwei Akkordeonspielern gut aufgestellt. Sein vierstimmiger Gesang mit dem etwas anderen Liedgut der christlichen Seefahrt kommt gut an.<\/span><\/p>\n\n\n\n<p><span style=\"color: #666699;\">Zu unseren f\u00f6rdernden Mitgliedern geh\u00f6ren der Hessische Ministerpr\u00e4sident a.D. Volker Bouffier und der Hessische Minister des Innern und f\u00fcr Sport a.D., Peter Beuth, der den Chor als Teil der Polizeifamilie bezeichnet hat.<\/span><\/p>\n\n\n\n<p><span style=\"color: #666699;\">Seit 2013 ist der Chor beim Vereinsregistergericht als \u201ee.V.\u201c eingetragen und hat sich eine neue, moderne Satzung gegeben. Im Januar 2018 ist der Chor dem Hessischen S\u00e4ngerbund e.V. beigetreten; nachdem sich der S\u00e4ngerkreis Wiesbaden 2022 aufgel\u00f6st hat, fand der Chor im S\u00e4ngerkreis Main-Taunus eine neue Heimat..<\/span><\/p>\n\n\n\n<p><span style=\"color: #666699;\">2014 war dem Chor die Ausrichtung des 85. Bundesdelegiertentages des S\u00e4ngerbundes der Deutschen Polizei e. V. \u00fcbertragen worden, an dem ca. 200 Delegierte aus dem gesamten Bundesgebiet teilnahmen; bei diesem Delegiertentag wurden bundesweit die Weichen f\u00fcr die Zukunft gestellt, unter anderem hei\u00dft der Dachverband der Polizeich\u00f6re Deutschlands k\u00fcnftig \u201eChorverband der Deutschen Polizei\u201c; diese Organisationsleistung war wohl auch der Grund, dass unserem Chor 2019 auch die Ausrichtung des 90. Delegiertentages \u00fcbertragen worden ist, den wir mit fast 250 Delegierten und Gastdelegierten zu unserem 50j\u00e4hrigen Jubil\u00e4um ausrichten konnten.<\/span><\/p>\n\n\n\n<p><span style=\"color: #666699;\"><strong>Das Repertoire des Chors<\/strong><\/span><\/p>\n\n\n\n<p><span style=\"color: #666699;\">Der klassische \u201eShanty\u201c als Arbeitslied wird sehr oft von einem \u201eShantymann\u201c vorgetragen, den der Chor begleitet oder dem der Chor antwortet. Einige \u201eShantys\u201c entspringen aber nicht nur dem Arbeitsleben an Bord, sondern auch dem in den H\u00e4fen, andere wiederum besingen das Heimweh und die in der Heimat zur\u00fcckgelassenen Geliebten.<\/span><\/p>\n\n\n\n<p><span style=\"color: #666699;\">Die Bezeichnung \u201eShanty\u201c kommt \u00fcbrigens aus dem englischen und erkl\u00e4rt damit, warum Shantys \u00fcberwiegend in englischer Sprache gesungen werden.<\/span><\/p>\n\n\n\n<p><span style=\"color: #666699;\">Dieser Idee f\u00fchlt sich der Chor auch heute noch verpflichtet. So besteht das Repertoire bis heute vorwiegend aus den so genannten Shantys, die zumeist in der Segelschifffahrt entstanden und ihre Bl\u00fctezeit nachweislich um 1880 hatten. Es handelt sich um Lieder, die w\u00e4hrend der unvorstellbar harten Arbeit auf den Segelschiffen gesungen wurden.<\/span><\/p>\n\n\n\n<p><span style=\"color: #666699;\"><strong>Was viele nicht wissen:<\/strong><\/span><\/p>\n\n\n\n<p><span style=\"color: #666699;\">Der Chor hat in seinem Repertoire auch z. T. maritime Weihnachtslieder, kann also zu jeder Jahreszeit zum Gelingen von kleinen und gro\u00dfen Festen und Veranstaltungen beitragen. Interessenten k\u00f6nnen sich \u00fcber die Homepage des Chors <a style=\"color: #666699;\" href=\"http:\/\/www.chor-der-hwsp.de\">https:\/\/www.chor-der-hwsp.de<\/a> mit uns in Verbindung setzen.<\/span><\/p>\n\n\n\n<p><span style=\"color: #666699;\"><strong>Tafel unserer Ehrenmitglieder<\/strong> (in alphabetischer Reihenfolge):<\/span><\/p>\n\n\n\n<ul class=\"wp-block-list\">\n<li><span style=\"color: #666699;\">Ministerpr\u00e4sident a.D. Volker Bouffier<\/span><\/li>\n\n\n\n<li><span style=\"color: #666699;\">Hans Ludwig Faber<\/span><\/li>\n\n\n\n<li>Dr. <span style=\"color: #666699;\">Manfred Hecker<\/span> <span style=\"color: #666699;\"> <\/span>(<strong>\u2020<\/strong>)<\/li>\n\n\n\n<li><span style=\"color: #666699;\">Wolfgang Kaimer<\/span><\/li>\n\n\n\n<li><span style=\"color: #666699;\">Peter Lecke<\/span><\/li>\n\n\n\n<li><span style=\"color: #666699;\">Dietrich Rehwald<\/span><\/li>\n\n\n\n<li><span style=\"color: #666699;\">Hans J\u00fcrgen Reitner  <\/span>(<strong>\u2020<\/strong>)<\/li>\n\n\n\n<li><span style=\"color: #666699;\">Gerhard Tr\u00e4xler<\/span><\/li>\n\n\n\n<li><span style=\"color: #666699;\">Bernd Walther<\/span><\/li>\n<\/ul>\n\n\n\n<p><span style=\"color: #666699;\"><strong>Die Chorleiter des Chors<\/strong><\/span><\/p>\n\n\n\n<p><span style=\"color: #666699;\">Die musikalischen Geschicke lagen in den f\u00fcnf Jahrzehnte des Bestehens in der Hand von sechs Chorleitern und einer Chorleiterin:<\/span><\/p>\n\n\n\n<ul class=\"wp-block-list\">\n<li><span style=\"color: #666699;\">Heinrich Fl\u00e4chsenhaar<\/span><\/li>\n\n\n\n<li><span style=\"color: #666699;\">Hans Ludwig Faber<\/span><\/li>\n\n\n\n<li><span style=\"color: #666699;\">Wilhelm L\u00fcttich<\/span><\/li>\n\n\n\n<li><span style=\"color: #666699;\">Laurie Anne McGowan<\/span><\/li>\n\n\n\n<li><span style=\"color: #666699;\">Joseph Kanz<\/span><\/li>\n\n\n\n<li><span style=\"color: #666699;\">Norbert Liesenfeld<\/span><\/li>\n\n\n\n<li><span style=\"color: #666699;\">Laurie Anne McGowan<\/span><\/li>\n\n\n\n<li><span style=\"color: #666699;\">Ivan Bohdanov<\/span> (seit 1.6.25)<\/li>\n<\/ul>\n\n\n\n<p><span style=\"color: #666699;\">Von 1979 bis 1994 wurde der Chor von dem der Wasserschutzpolizei angeh\u00f6renden Polizeihauptkommissar Hans-Ludwig Faber geleitet. Er war der bisher am l\u00e4ngsten ununterbrochen amtierende Chorleiter. Seine autodidaktisch erworbene Professionalit\u00e4t hat dem Chor eine ganz besondere Pr\u00e4gung verliehen.<\/span><\/p>\n\n\n\n<p><span style=\"color: #666699;\">Hans Ludwig Faber und Laurie Anne McGowan wurden nach Ende ihres Dirigats zum Ehrenchorleiter bzw. zur Ehrenchorleiterin ernannt, Laurie Anne ist wieder zu uns zur\u00fcckgekehrt.<\/span><\/p>\n\n\n\n<p><span style=\"color: #666699;\">Von 2016 bis zum Juni 2025 wurden wir von einer Ehrenchorleiterin dirigiert, denn Laurie Anne konnte nach ihrer \u201esch\u00f6pferischen Pause\u201c bewegt werden, den Chor wieder zu \u00fcbernehmen: Frau Laurie Anne McGowan ist von Haus aus eine gro\u00dfartige Operns\u00e4ngerin mit langj\u00e4hrigen Engagements beim \u201ePhantom der Oper\u201c in Hamburg und Essen. Wir freuen uns, sie bei Konzerten auch so manches Mal als Solistin erleben zu k\u00f6nnen.<\/span><\/p>\n\n\n\n<p><span style=\"color: #666699;\">Mit ihrer hohen musikalischen Kompetenz, ihrer charmanten und zugleich durchsetzungsf\u00e4higen Art im Umgang mit den nicht immer ganz einfachen S\u00e4ngern mit teilweise altersbedingten Eigenheiten erwies sich Laurie Anne als \u201erichtige Frau am richtigen Platz\u201c, die gelegentlich den Auftritten des Chors mit ihrer zauberhaften Stimme noch einmal einen ganz besonderen Glanz verleiht.<\/span><\/p>\n\n\n\n<p style=\"text-align: justify;\"><span style=\"color: #438e9c;\">Seit Juni 2025 trat Ivan Bohdanov, ein mehrfach ausgezeichneter Dirigent, Chorleiter und Musikp\u00e4dagoge mit internationaler Erfahrung, die Nachfolge an. Er absolvierte seine musikalische Ausbildung mit Auszeichnung an der Musikfachschule Tschernihiw sowie an der renommierten Nationalen Musikakademie der Ukraine in Kiew, wo er Chorleitung sowie sp\u00e4ter Opern- und Sinfoniedirigieren bei Prof. A. Wlasenko studierte. Schon fr\u00fch wurde sein au\u00dfergew\u00f6hnliches Talent gew\u00fcrdigt \u2013 unter anderem mit dem Pr\u00e4sidentenstipendium der Ukraine sowie Preisen bei nationalen und internationalen Dirigierwettbewerben. Zu seinen bedeutendsten Auszeichnungen z\u00e4hlen der Grand Prix beim internationalen Wettbewerb D. Bortnjansky in Kyjiw sowie eine Silbermedaille beim Wettbewerb in Bia\u0142ystok (Polen).<\/span><\/p>\n<p style=\"text-align: justify;\"><span style=\"color: #438e9c;\">Zwischen 2010 und 2022 war Ivan Bohdanov k\u00fcnstlerischer Leiter und Chefdirigent des Philharmonischen Akademischen Kammerchors D. Bortnjansky in Tschernihiw. Zudem gr\u00fcndete er mehrere Ch\u00f6re, darunter den Philharmonischen Knabenchor Tschernihiw sowie akademische und popul\u00e4re Jugendch\u00f6re an Bildungseinrichtungen. Er war Jurymitglied bei verschiedenen Wettbewerben und ver\u00f6ffentlichte u.\u202fa. eine Gesamtaufnahme geistlicher Werke von D. Bortnjansky.<\/span><\/p>\n<p style=\"text-align: justify;\"><span style=\"color: #438e9c;\">Seit 2022 lebt Ivan Bohdanov in Deutschland, wo er als Chorleiter zahlreiche Ensembles aufgebaut und \u00fcbernommen hat \u2013 u.\u202fa. den ukrainischen Chor \u201eVilni\u201c in Gie\u00dfen, die \u201eHarmony Voices\u201c in Laubach, den Chor \u201eAlis Canticum\u201c sowie den Projektchor in Pohlheim. Seit 2024 ist er zudem Bundeschorleiter des Chattia S\u00e4ngerbundes.<\/span><\/p>\n<p style=\"text-align: justify;\"><span style=\"color: #438e9c;\">Neben seiner musikalischen T\u00e4tigkeit besch\u00e4ftigt sich Ivan Bohdanov auch mit Atemtechnik als Bestandteil seiner k\u00fcnstlerisch-p\u00e4dagogischen Arbeit und h<\/span><span style=\"color: #438e9c;\">at mit Workshops im S\u00e4ngerkreis Gie\u00dfen zur Stimmbildung und Atemtechnik auf sich aufmerksam gemacht. Er wurde mit dem Hessischen Integrationspreis f\u00fcr sein Projekt \u201eFriedensmusik\u201c ausgezeichnet<\/span><\/p>\n<p style=\"text-align: justify;\"><span style=\"color: #438e9c;\">Recherchiert man im Internet, so findet man aus der Sicht eines seiner Ch\u00f6re die Eigenschaften: akkurat, pr\u00e4zise, sehr akribisch. <\/span><span style=\"color: #438e9c;\">Wir erg\u00e4nzen seine Eigenschaften: Er versteht es bestens, die S\u00e4nger bei den Proben zu motivieren und unsere Leistungen zu f\u00f6rdern.<\/span><\/p>\n\n\n\n<p><span style=\"color: #666699;\">Vizechorleiter ist seit 2022 Stefan Domes, der die Nachfolge von Joseph Kanz angetreten hat (Joseph, der sich als Dirigent, Komponist und Musikarrangeur einen guten Namen gemacht hat und von 1984 &#8211; 1994 das heutige Landespolizeiorchester Hessen geleitet hatte, ist in seine bayerische Heimat zur\u00fcckgekehrt).<\/span><\/p>\n\n\n\n<p><span style=\"color: #666699;\"><strong>Die Vorsitzenden und Organisationsleiter des Chors<\/strong><\/span><\/p>\n\n\n\n<p><span style=\"color: #666699;\">Kontinuit\u00e4t gab es nicht nur bei den Chorleitern, sondern auch bei den 1. Vorsitzenden, wir hatten seit unserer Gr\u00fcndung nur sechs Sangesfreunde in diesem Amt:<\/span><\/p>\n\n\n\n<ul class=\"wp-block-list\">\n<li><span style=\"color: #666699;\">Raimund Werner<\/span><\/li>\n\n\n\n<li><span style=\"color: #666699;\">Peter Kindervater<\/span><\/li>\n\n\n\n<li><span style=\"color: #666699;\">Frank Schachtner<\/span><\/li>\n\n\n\n<li><span style=\"color: #666699;\">Peter Lecke<\/span><\/li>\n\n\n\n<li><span style=\"color: #666699;\">Hans J\u00fcrgen Reitner<\/span><\/li>\n\n\n\n<li><span style=\"color: #666699;\">Rolf Mai<\/span><\/li>\n<\/ul>\n\n\n\n<p><span style=\"color: #666699;\">Getoppt wird die Kontinuit\u00e4t nur noch durch die Organisationsleiter des Chors, die seit der Gr\u00fcndung immer auch die 2. Vorsitzenden gewesen sind: Dem Organisationsleiter aus dem Gr\u00fcndungsjahr, Kurt Sch\u00fccker, folgte bis heute nur ein weiterer Organisationsleiter: Wolfgang Kaimer ist seit mehr als 30 Jahren das Gesicht des Chors nach Innen und Au\u00dfen.<\/span><\/p>\n\n\n\n<p><span style=\"color: #666699;\">Den Vorstand des Chors bilden derzeit:<\/span><\/p>\n\n\n\n<ul class=\"wp-block-list\">\n<li><span style=\"color: #666699;\">Vorsitzender <strong>Rolf Mai<\/strong><\/span><\/li>\n\n\n\n<li><span style=\"color: #666699;\">Vorsitzender und Organisationsleiter <strong>Wolfgang Kaimer<\/strong><\/span><\/li>\n\n\n\n<li><span style=\"color: #666699;\">Schatzmeister <strong>Kirsten Fischer<\/strong><\/span><\/li>\n\n\n\n<li><span style=\"color: #666699;\">Schriftf\u00fchrer <strong><span style=\"color: #666699;\"><strong>z.Zt. unbesetzt<\/strong><\/span><\/strong><\/span><\/li>\n\n\n\n<li><span style=\"color: #666699;\">Beisitzer <strong>Wolfgang Sch\u00f6n<\/strong><\/span><\/li>\n\n\n\n<li><span style=\"color: #666699;\">Beisitzer <strong><span style=\"color: #666699;\"><strong>Klaus Hatzinger<\/strong><\/span><\/strong><\/span><\/li>\n<\/ul>\n\n\n\n<p><span style=\"color: #666699;\">Nat\u00fcrlich unterst\u00fctzen viele aktive S\u00e4nger die Vereinsarbeit, beispielhaft seien genannt<\/span><\/p>\n\n\n\n<ul class=\"wp-block-list\">\n<li><strong>Jochen F\u00e4rber<\/strong>&nbsp;<mark style=\"background-color:rgba(0, 0, 0, 0);color:#0080cc\" class=\"has-inline-color\">\u2013&nbsp;<\/mark><span style=\"color: #666699;\"><mark style=\"background-color:rgba(0, 0, 0, 0)\" class=\"has-inline-color has-blue-color\">F\u00fchrung der Anwesenheitsliste bei den Chorproben,<\/mark><\/span><\/li>\n\n\n\n<li><span style=\"color: #666699;\"><strong>Gesucht wird ein Chormitglied \/ mehrere Chormitglieder f\u00fcr folgende Bereiche<\/strong><mark style=\"background-color:rgba(0, 0, 0, 0)\" class=\"has-inline-color has-blue-color\">\u2013&nbsp;  Redaktionsmitglied und Akquise f\u00fcr die \u201eBordnachrichten\u201c<\/mark><\/span><\/li>\n\n\n\n<li><span style=\"color: #666699;\"><strong>Rainer Molitor<\/strong><\/span> <span style=\"color: #666699;\"><mark style=\"background-color:rgba(0, 0, 0, 0)\" class=\"has-inline-color has-blue-color\">&#8211; er k\u00fcmmert sich um Ehrenurkunden und das Layout der R\u00fcckseite unserer &#8222;Bordnachrichten&#8220;<\/mark><\/span><\/li>\n\n\n\n<li><span style=\"color: #666699;\"><strong>Franz-Josef Wolf<\/strong> <mark style=\"background-color:rgba(0, 0, 0, 0)\" class=\"has-inline-color has-blue-color\">\u2013 er versorgt die S\u00e4nger mit den notwendigen Noten und packt an, wo Not am Mann ist<\/mark><\/span><\/li>\n<\/ul>\n\n\n\n<p><span style=\"color: #666699;\"><strong>Ausblick und Kontakte<\/strong><\/span><\/p>\n\n\n\n<p><span style=\"color: #666699;\">Unsere Proben finden in der Liegenschaft der Bereitschaftspolizeidirektion West &#8211; in der Wiesbadener Str. 99 in Wiesbaden-Mainz-Kastel statt; an dieser Stelle bedanken wir uns beim Hessischen Polizeipr\u00e4sidium Einsatz f\u00fcr die ideelle und materielle Unterst\u00fctzung und das gew\u00e4hrte Gastrecht.<\/span><\/p>\n\n\n\n<p><span style=\"color: #666699;\">So bleibt eigentlich nur zu hoffen, dass es in naher Zukunft gelingen mag, dass die Jugend wieder vermehrt Zugang zum Gesang und zur maritimen Musik findet, denn merke: \u201eWer die Musik liebt, kann nie ganz ungl\u00fccklich werden\u201c.<\/span><\/p>\n\n\n\n<p class=\"has-text-align-right\"><span style=\"color: #666699;\"><strong>Rolf Mai<\/strong><\/span><\/p>\n\n\n\n\n","protected":false},"excerpt":{"rendered":"<p>Chronik Gr\u00fcndung und Entwicklung des Chors Der Chor der Hessischen Wasserschutzpolizei wurde am 11. Februar 1969 von sangesfreudigen Mitgliedern der Hessischen Wasserschutzpolizei in Mainz-Kastel gegr\u00fcndet, am 13. April 2019 feierte der Chor sein 50j\u00e4hriges Bestehen mit einem Jubil\u00e4umskonzert im Kloster &hellip; <a href=\"https:\/\/chor-der-hwsp.de\/HPneu\/chronik\/\">Weiterlesen <span class=\"meta-nav\">&rarr;<\/span><\/a><\/p>\n","protected":false},"author":1,"featured_media":0,"parent":0,"menu_order":0,"comment_status":"closed","ping_status":"closed","template":"","meta":{"footnotes":""},"class_list":["post-42","page","type-page","status-publish","hentry"],"_links":{"self":[{"href":"https:\/\/chor-der-hwsp.de\/HPneu\/wp-json\/wp\/v2\/pages\/42","targetHints":{"allow":["GET"]}}],"collection":[{"href":"https:\/\/chor-der-hwsp.de\/HPneu\/wp-json\/wp\/v2\/pages"}],"about":[{"href":"https:\/\/chor-der-hwsp.de\/HPneu\/wp-json\/wp\/v2\/types\/page"}],"author":[{"embeddable":true,"href":"https:\/\/chor-der-hwsp.de\/HPneu\/wp-json\/wp\/v2\/users\/1"}],"replies":[{"embeddable":true,"href":"https:\/\/chor-der-hwsp.de\/HPneu\/wp-json\/wp\/v2\/comments?post=42"}],"version-history":[{"count":21,"href":"https:\/\/chor-der-hwsp.de\/HPneu\/wp-json\/wp\/v2\/pages\/42\/revisions"}],"predecessor-version":[{"id":6400,"href":"https:\/\/chor-der-hwsp.de\/HPneu\/wp-json\/wp\/v2\/pages\/42\/revisions\/6400"}],"wp:attachment":[{"href":"https:\/\/chor-der-hwsp.de\/HPneu\/wp-json\/wp\/v2\/media?parent=42"}],"curies":[{"name":"wp","href":"https:\/\/api.w.org\/{rel}","templated":true}]}}