{"id":5146,"date":"2023-07-23T16:23:44","date_gmt":"2023-07-23T14:23:44","guid":{"rendered":"https:\/\/chor-der-hwsp.de\/HPneu\/?page_id=5146"},"modified":"2023-08-10T10:27:49","modified_gmt":"2023-08-10T08:27:49","slug":"wiesbadener-schlossplatzfest-behindertentage-18-6-2023","status":"publish","type":"page","link":"https:\/\/chor-der-hwsp.de\/HPneu\/wiesbadener-schlossplatzfest-behindertentage-18-6-2023\/","title":{"rendered":"Wiesbadener Schlossplatzfest &#8211; Behindertentage (18.6.2023)"},"content":{"rendered":"<div class=\"wp-block-image\">\n<figure class=\"alignleft size-full\"><img loading=\"lazy\" decoding=\"async\" width=\"653\" height=\"653\" src=\"https:\/\/chor-der-hwsp.de\/HPneu\/wp-content\/uploads\/2023\/07\/Schlossplatzfest-18.6.2023-1-1.jpg\" alt=\"\" class=\"wp-image-5114\" srcset=\"https:\/\/chor-der-hwsp.de\/HPneu\/wp-content\/uploads\/2023\/07\/Schlossplatzfest-18.6.2023-1-1.jpg 653w, https:\/\/chor-der-hwsp.de\/HPneu\/wp-content\/uploads\/2023\/07\/Schlossplatzfest-18.6.2023-1-1-300x300.jpg 300w, https:\/\/chor-der-hwsp.de\/HPneu\/wp-content\/uploads\/2023\/07\/Schlossplatzfest-18.6.2023-1-1-150x150.jpg 150w\" sizes=\"auto, (max-width: 653px) 100vw, 653px\" \/><figcaption class=\"wp-element-caption\"><strong>Nach langer Coronapause hatten wir endlich wieder die M\u00f6glichkeit, an diesem Fest f\u00fcr behinderte Menschen teilzunehmen. <\/strong><\/figcaption><\/figure>\n<\/div>\n\n<div class=\"wp-block-image\">\n<figure class=\"alignleft size-full\"><img loading=\"lazy\" decoding=\"async\" width=\"653\" height=\"653\" src=\"https:\/\/chor-der-hwsp.de\/HPneu\/wp-content\/uploads\/2023\/07\/Schlossplatzfest-18.6.2023-2-1.jpg\" alt=\"\" class=\"wp-image-5115\" srcset=\"https:\/\/chor-der-hwsp.de\/HPneu\/wp-content\/uploads\/2023\/07\/Schlossplatzfest-18.6.2023-2-1.jpg 653w, https:\/\/chor-der-hwsp.de\/HPneu\/wp-content\/uploads\/2023\/07\/Schlossplatzfest-18.6.2023-2-1-300x300.jpg 300w, https:\/\/chor-der-hwsp.de\/HPneu\/wp-content\/uploads\/2023\/07\/Schlossplatzfest-18.6.2023-2-1-150x150.jpg 150w\" sizes=\"auto, (max-width: 653px) 100vw, 653px\" \/><figcaption class=\"wp-element-caption\"><strong>Unter Sonnenschirmen fanden wir in der sch\u00f6nen Umgebung des Wiesbadener Schlossplatzes alle ein schattiges Pl\u00e4tzchen. <\/strong><\/figcaption><\/figure>\n<\/div>\n\n<div class=\"wp-block-image\">\n<figure class=\"alignleft size-full\"><img loading=\"lazy\" decoding=\"async\" width=\"653\" height=\"653\" src=\"https:\/\/chor-der-hwsp.de\/HPneu\/wp-content\/uploads\/2023\/07\/Schlossplatzfest-18.6.2023-3-1.jpg\" alt=\"\" class=\"wp-image-5116\" srcset=\"https:\/\/chor-der-hwsp.de\/HPneu\/wp-content\/uploads\/2023\/07\/Schlossplatzfest-18.6.2023-3-1.jpg 653w, https:\/\/chor-der-hwsp.de\/HPneu\/wp-content\/uploads\/2023\/07\/Schlossplatzfest-18.6.2023-3-1-300x300.jpg 300w, https:\/\/chor-der-hwsp.de\/HPneu\/wp-content\/uploads\/2023\/07\/Schlossplatzfest-18.6.2023-3-1-150x150.jpg 150w\" sizes=\"auto, (max-width: 653px) 100vw, 653px\" \/><figcaption class=\"wp-element-caption\"><strong>Zeit f\u00fcr Gespr\u00e4che und Zeit, um die sch\u00f6ne Stimmung zu genie\u00dfen. <\/strong><\/figcaption><\/figure>\n<\/div>\n\n<div class=\"wp-block-image\">\n<figure class=\"alignleft size-full\"><img loading=\"lazy\" decoding=\"async\" width=\"653\" height=\"653\" src=\"https:\/\/chor-der-hwsp.de\/HPneu\/wp-content\/uploads\/2023\/07\/Schlossplatzfest-18.6.2023-4-1.jpg\" alt=\"\" class=\"wp-image-5117\" srcset=\"https:\/\/chor-der-hwsp.de\/HPneu\/wp-content\/uploads\/2023\/07\/Schlossplatzfest-18.6.2023-4-1.jpg 653w, https:\/\/chor-der-hwsp.de\/HPneu\/wp-content\/uploads\/2023\/07\/Schlossplatzfest-18.6.2023-4-1-300x300.jpg 300w, https:\/\/chor-der-hwsp.de\/HPneu\/wp-content\/uploads\/2023\/07\/Schlossplatzfest-18.6.2023-4-1-150x150.jpg 150w\" sizes=\"auto, (max-width: 653px) 100vw, 653px\" \/><figcaption class=\"wp-element-caption\"><strong>Bei unserem Auftritt sind alle mit Herz und Seele dabei. Rechts unten im Bild &#8211; Maiko B\u00fcchl, der Organisator der Wiesbadener Behindertentage. <\/strong><\/figcaption><\/figure>\n<\/div>\n\n<div class=\"wp-block-image\">\n<figure class=\"alignleft size-full\"><img loading=\"lazy\" decoding=\"async\" width=\"653\" height=\"653\" src=\"https:\/\/chor-der-hwsp.de\/HPneu\/wp-content\/uploads\/2023\/07\/Schlossplatzfest-18.6.2023-5-1.jpg\" alt=\"\" class=\"wp-image-5118\" srcset=\"https:\/\/chor-der-hwsp.de\/HPneu\/wp-content\/uploads\/2023\/07\/Schlossplatzfest-18.6.2023-5-1.jpg 653w, https:\/\/chor-der-hwsp.de\/HPneu\/wp-content\/uploads\/2023\/07\/Schlossplatzfest-18.6.2023-5-1-300x300.jpg 300w, https:\/\/chor-der-hwsp.de\/HPneu\/wp-content\/uploads\/2023\/07\/Schlossplatzfest-18.6.2023-5-1-150x150.jpg 150w\" sizes=\"auto, (max-width: 653px) 100vw, 653px\" \/><figcaption class=\"wp-element-caption\"><strong>Unser Besuch bei den Wiesbadener Behindertentagen hat gro\u00dfe Freude gemacht! <br>Wir kommen sehr gerne wieder!<\/strong>  <br>(Mehr \u00fcber das Wiesbadener Schlossplatzfest &#8211; Behindertentage in der Festschrift zur 15.&nbsp;Rheinschfffahrt \/ Bordnachrichten Nr. 31)<\/figcaption><\/figure>\n<\/div>","protected":false},"excerpt":{"rendered":"","protected":false},"author":7,"featured_media":0,"parent":0,"menu_order":0,"comment_status":"closed","ping_status":"closed","template":"","meta":{"footnotes":""},"class_list":["post-5146","page","type-page","status-publish","hentry"],"_links":{"self":[{"href":"https:\/\/chor-der-hwsp.de\/HPneu\/wp-json\/wp\/v2\/pages\/5146","targetHints":{"allow":["GET"]}}],"collection":[{"href":"https:\/\/chor-der-hwsp.de\/HPneu\/wp-json\/wp\/v2\/pages"}],"about":[{"href":"https:\/\/chor-der-hwsp.de\/HPneu\/wp-json\/wp\/v2\/types\/page"}],"author":[{"embeddable":true,"href":"https:\/\/chor-der-hwsp.de\/HPneu\/wp-json\/wp\/v2\/users\/7"}],"replies":[{"embeddable":true,"href":"https:\/\/chor-der-hwsp.de\/HPneu\/wp-json\/wp\/v2\/comments?post=5146"}],"version-history":[{"count":6,"href":"https:\/\/chor-der-hwsp.de\/HPneu\/wp-json\/wp\/v2\/pages\/5146\/revisions"}],"predecessor-version":[{"id":5244,"href":"https:\/\/chor-der-hwsp.de\/HPneu\/wp-json\/wp\/v2\/pages\/5146\/revisions\/5244"}],"wp:attachment":[{"href":"https:\/\/chor-der-hwsp.de\/HPneu\/wp-json\/wp\/v2\/media?parent=5146"}],"curies":[{"name":"wp","href":"https:\/\/api.w.org\/{rel}","templated":true}]}}