{"id":5196,"date":"2023-07-27T12:04:05","date_gmt":"2023-07-27T10:04:05","guid":{"rendered":"https:\/\/chor-der-hwsp.de\/HPneu\/?page_id=5196"},"modified":"2023-07-27T13:56:37","modified_gmt":"2023-07-27T11:56:37","slug":"mitgliederversammlung-am-5-4-2023","status":"publish","type":"page","link":"https:\/\/chor-der-hwsp.de\/HPneu\/mitgliederversammlung-am-5-4-2023\/","title":{"rendered":"Mitgliederversammlung (5.4.2023)"},"content":{"rendered":"<div class=\"wp-block-image\">\n<figure class=\"alignleft size-full\"><img loading=\"lazy\" decoding=\"async\" width=\"653\" height=\"653\" src=\"https:\/\/chor-der-hwsp.de\/HPneu\/wp-content\/uploads\/2023\/07\/Mitgliederversammlung-5.4.2023-1.jpg\" alt=\"\" class=\"wp-image-5179\" srcset=\"https:\/\/chor-der-hwsp.de\/HPneu\/wp-content\/uploads\/2023\/07\/Mitgliederversammlung-5.4.2023-1.jpg 653w, https:\/\/chor-der-hwsp.de\/HPneu\/wp-content\/uploads\/2023\/07\/Mitgliederversammlung-5.4.2023-1-300x300.jpg 300w, https:\/\/chor-der-hwsp.de\/HPneu\/wp-content\/uploads\/2023\/07\/Mitgliederversammlung-5.4.2023-1-150x150.jpg 150w\" sizes=\"auto, (max-width: 653px) 100vw, 653px\" \/><figcaption class=\"wp-element-caption\"><strong>Ordnung muss sein! Alle Besucher<\/strong> <strong>der Mitgliederversammlung werden registriert. P\u00fcnktlich um 17:00 Uhr er\u00f6ffnet Rolf Mai die Mitgliederversammlung. <\/strong><\/figcaption><\/figure>\n<\/div>\n\n<div class=\"wp-block-image\">\n<figure class=\"alignleft size-full\"><img loading=\"lazy\" decoding=\"async\" width=\"653\" height=\"653\" src=\"https:\/\/chor-der-hwsp.de\/HPneu\/wp-content\/uploads\/2023\/07\/Mitgliederversammlung-5.4.2023-2.jpg\" alt=\"\" class=\"wp-image-5180\" srcset=\"https:\/\/chor-der-hwsp.de\/HPneu\/wp-content\/uploads\/2023\/07\/Mitgliederversammlung-5.4.2023-2.jpg 653w, https:\/\/chor-der-hwsp.de\/HPneu\/wp-content\/uploads\/2023\/07\/Mitgliederversammlung-5.4.2023-2-300x300.jpg 300w, https:\/\/chor-der-hwsp.de\/HPneu\/wp-content\/uploads\/2023\/07\/Mitgliederversammlung-5.4.2023-2-150x150.jpg 150w\" sizes=\"auto, (max-width: 653px) 100vw, 653px\" \/><figcaption class=\"wp-element-caption\"><strong>Der Pr\u00e4sident des Hessischen Bereitschaftspolizeipr\u00e4sidiums, Herr Malte Neutzler, ist zur Mitgliederversammlung gekommen und dankt dem Chor f\u00fcr seinen Einsatz als Botschafter f\u00fcr die Polizei und sein Engagement f\u00fcr die Gesellschaft. &#8211; Rolf Mai und Wolfgang Kaimer danken und gratulieren Monika Hatzinger f\u00fcr ihre 20-j\u00e4hrige und Wolfgang Sch\u00f6n f\u00fcr seine 10-j\u00e4hrige Mitgliedschaft im Chor der HWSP und \u00fcberreichen ihnen eine Urkunde und Ehrennadel in Silber bzw. in Bronze. <\/strong><\/figcaption><\/figure>\n<\/div>\n\n<div class=\"wp-block-image\">\n<figure class=\"alignleft size-full\"><img loading=\"lazy\" decoding=\"async\" width=\"653\" height=\"653\" src=\"https:\/\/chor-der-hwsp.de\/HPneu\/wp-content\/uploads\/2023\/07\/Mitgliederversammlung-5.4.2023-3.jpg\" alt=\"\" class=\"wp-image-5181\" srcset=\"https:\/\/chor-der-hwsp.de\/HPneu\/wp-content\/uploads\/2023\/07\/Mitgliederversammlung-5.4.2023-3.jpg 653w, https:\/\/chor-der-hwsp.de\/HPneu\/wp-content\/uploads\/2023\/07\/Mitgliederversammlung-5.4.2023-3-300x300.jpg 300w, https:\/\/chor-der-hwsp.de\/HPneu\/wp-content\/uploads\/2023\/07\/Mitgliederversammlung-5.4.2023-3-150x150.jpg 150w\" sizes=\"auto, (max-width: 653px) 100vw, 653px\" \/><figcaption class=\"wp-element-caption\"><strong>Die Kasse stimmt!  Und die Wahl eines neuen Vorstands verlief auch reibungslos! <\/strong><br>(Mehr dar\u00fcber in den Bordnachrichten Nr. 30, Mai 2023)<\/figcaption><\/figure>\n<\/div>","protected":false},"excerpt":{"rendered":"","protected":false},"author":7,"featured_media":0,"parent":0,"menu_order":0,"comment_status":"closed","ping_status":"closed","template":"","meta":{"footnotes":""},"class_list":["post-5196","page","type-page","status-publish","hentry"],"_links":{"self":[{"href":"https:\/\/chor-der-hwsp.de\/HPneu\/wp-json\/wp\/v2\/pages\/5196","targetHints":{"allow":["GET"]}}],"collection":[{"href":"https:\/\/chor-der-hwsp.de\/HPneu\/wp-json\/wp\/v2\/pages"}],"about":[{"href":"https:\/\/chor-der-hwsp.de\/HPneu\/wp-json\/wp\/v2\/types\/page"}],"author":[{"embeddable":true,"href":"https:\/\/chor-der-hwsp.de\/HPneu\/wp-json\/wp\/v2\/users\/7"}],"replies":[{"embeddable":true,"href":"https:\/\/chor-der-hwsp.de\/HPneu\/wp-json\/wp\/v2\/comments?post=5196"}],"version-history":[{"count":4,"href":"https:\/\/chor-der-hwsp.de\/HPneu\/wp-json\/wp\/v2\/pages\/5196\/revisions"}],"predecessor-version":[{"id":5206,"href":"https:\/\/chor-der-hwsp.de\/HPneu\/wp-json\/wp\/v2\/pages\/5196\/revisions\/5206"}],"wp:attachment":[{"href":"https:\/\/chor-der-hwsp.de\/HPneu\/wp-json\/wp\/v2\/media?parent=5196"}],"curies":[{"name":"wp","href":"https:\/\/api.w.org\/{rel}","templated":true}]}}