{"id":5511,"date":"2023-10-07T15:41:48","date_gmt":"2023-10-07T13:41:48","guid":{"rendered":"https:\/\/chor-der-hwsp.de\/HPneu\/?page_id=5511"},"modified":"2023-10-07T15:46:14","modified_gmt":"2023-10-07T13:46:14","slug":"benefizkonzert-fuer-eine-neue-orgel-in-langen-23-9-2023","status":"publish","type":"page","link":"https:\/\/chor-der-hwsp.de\/HPneu\/benefizkonzert-fuer-eine-neue-orgel-in-langen-23-9-2023\/","title":{"rendered":"Benefizkonzert f\u00fcr eine neue Orgel in Langen (23.9.2023)"},"content":{"rendered":"<div class=\"wp-block-image\">\n<figure class=\"aligncenter size-full\"><img loading=\"lazy\" decoding=\"async\" width=\"605\" height=\"605\" src=\"https:\/\/chor-der-hwsp.de\/HPneu\/wp-content\/uploads\/2023\/10\/1-Benefizkonzert-Langen-23.9.2023.jpg\" alt=\"\" class=\"wp-image-5504\" srcset=\"https:\/\/chor-der-hwsp.de\/HPneu\/wp-content\/uploads\/2023\/10\/1-Benefizkonzert-Langen-23.9.2023.jpg 605w, https:\/\/chor-der-hwsp.de\/HPneu\/wp-content\/uploads\/2023\/10\/1-Benefizkonzert-Langen-23.9.2023-300x300.jpg 300w, https:\/\/chor-der-hwsp.de\/HPneu\/wp-content\/uploads\/2023\/10\/1-Benefizkonzert-Langen-23.9.2023-150x150.jpg 150w\" sizes=\"auto, (max-width: 605px) 100vw, 605px\" \/><figcaption class=\"wp-element-caption\"><strong>Wir sind sehr gerne zu einem Benefizkonzert in die evangelische Stadtkirche in Langen gekommen, um mit Shantys und maritimen Liedern die Orgel-Erneuerung der Kirche zu unterst\u00fctzen. <\/strong><\/figcaption><\/figure>\n<\/div>\n\n<div class=\"wp-block-image\">\n<figure class=\"aligncenter size-full\"><img loading=\"lazy\" decoding=\"async\" width=\"605\" height=\"305\" src=\"https:\/\/chor-der-hwsp.de\/HPneu\/wp-content\/uploads\/2023\/10\/2-Benefizkonzert-Langen-23.9.2023.jpg\" alt=\"\" class=\"wp-image-5505\" srcset=\"https:\/\/chor-der-hwsp.de\/HPneu\/wp-content\/uploads\/2023\/10\/2-Benefizkonzert-Langen-23.9.2023.jpg 605w, https:\/\/chor-der-hwsp.de\/HPneu\/wp-content\/uploads\/2023\/10\/2-Benefizkonzert-Langen-23.9.2023-300x151.jpg 300w, https:\/\/chor-der-hwsp.de\/HPneu\/wp-content\/uploads\/2023\/10\/2-Benefizkonzert-Langen-23.9.2023-150x76.jpg 150w\" sizes=\"auto, (max-width: 605px) 100vw, 605px\" \/><figcaption class=\"wp-element-caption\"><strong>Viktor Tinnis beim Einspielen mit seinem Akkordeon  &#8211;  Herzliche Begr\u00fc\u00dfung durch die Kantorin der Stadtkirche, Frau Elvira Schwarz.<\/strong><\/figcaption><\/figure>\n<\/div>\n\n<div class=\"wp-block-image\">\n<figure class=\"aligncenter size-full\"><img loading=\"lazy\" decoding=\"async\" width=\"605\" height=\"605\" src=\"https:\/\/chor-der-hwsp.de\/HPneu\/wp-content\/uploads\/2023\/10\/3-Benefizkonzert-Langen-23.9.2023.jpg\" alt=\"\" class=\"wp-image-5506\" srcset=\"https:\/\/chor-der-hwsp.de\/HPneu\/wp-content\/uploads\/2023\/10\/3-Benefizkonzert-Langen-23.9.2023.jpg 605w, https:\/\/chor-der-hwsp.de\/HPneu\/wp-content\/uploads\/2023\/10\/3-Benefizkonzert-Langen-23.9.2023-300x300.jpg 300w, https:\/\/chor-der-hwsp.de\/HPneu\/wp-content\/uploads\/2023\/10\/3-Benefizkonzert-Langen-23.9.2023-150x150.jpg 150w\" sizes=\"auto, (max-width: 605px) 100vw, 605px\" \/><\/figure>\n<\/div>\n\n<div class=\"wp-block-image\">\n<figure class=\"aligncenter size-full\"><img loading=\"lazy\" decoding=\"async\" width=\"605\" height=\"605\" src=\"https:\/\/chor-der-hwsp.de\/HPneu\/wp-content\/uploads\/2023\/10\/4-Benefizkonzert-Langen-23.9.2023.jpg\" alt=\"\" class=\"wp-image-5507\" srcset=\"https:\/\/chor-der-hwsp.de\/HPneu\/wp-content\/uploads\/2023\/10\/4-Benefizkonzert-Langen-23.9.2023.jpg 605w, https:\/\/chor-der-hwsp.de\/HPneu\/wp-content\/uploads\/2023\/10\/4-Benefizkonzert-Langen-23.9.2023-300x300.jpg 300w, https:\/\/chor-der-hwsp.de\/HPneu\/wp-content\/uploads\/2023\/10\/4-Benefizkonzert-Langen-23.9.2023-150x150.jpg 150w\" sizes=\"auto, (max-width: 605px) 100vw, 605px\" \/><figcaption class=\"wp-element-caption\"><strong>Auftritte unseres Chors in der Stadtkirche<\/strong><\/figcaption><\/figure>\n<\/div>\n\n<div class=\"wp-block-image\">\n<figure class=\"aligncenter size-full\"><img loading=\"lazy\" decoding=\"async\" width=\"605\" height=\"605\" src=\"https:\/\/chor-der-hwsp.de\/HPneu\/wp-content\/uploads\/2023\/10\/5-Benefizkonzert-Langen-23.9.2023.jpg\" alt=\"\" class=\"wp-image-5508\" srcset=\"https:\/\/chor-der-hwsp.de\/HPneu\/wp-content\/uploads\/2023\/10\/5-Benefizkonzert-Langen-23.9.2023.jpg 605w, https:\/\/chor-der-hwsp.de\/HPneu\/wp-content\/uploads\/2023\/10\/5-Benefizkonzert-Langen-23.9.2023-300x300.jpg 300w, https:\/\/chor-der-hwsp.de\/HPneu\/wp-content\/uploads\/2023\/10\/5-Benefizkonzert-Langen-23.9.2023-150x150.jpg 150w\" sizes=\"auto, (max-width: 605px) 100vw, 605px\" \/><figcaption class=\"wp-element-caption\"><strong>Eindr\u00fccke aus der Gastst\u00e4tte &#8222;Zum Haferkasten&#8220;, die sich ganz in der N\u00e4he der Stadtkirche befindet. J\u00fcrgen Meyer und seine Familie, Initiatoren unseres Benefizkonzerts in der Stadtkirche, haben uns nach dem Konzert zum Abendessen eingeladen. <\/strong><\/figcaption><\/figure>\n<\/div>\n\n<div class=\"wp-block-image\">\n<figure class=\"aligncenter size-full is-resized\"><img loading=\"lazy\" decoding=\"async\" src=\"https:\/\/chor-der-hwsp.de\/HPneu\/wp-content\/uploads\/2023\/10\/6-Benefizkonzert-Langen-23.9.2023.jpg\" alt=\"\" class=\"wp-image-5509\" style=\"width:605px;height:605px\" width=\"605\" height=\"605\" srcset=\"https:\/\/chor-der-hwsp.de\/HPneu\/wp-content\/uploads\/2023\/10\/6-Benefizkonzert-Langen-23.9.2023.jpg 605w, https:\/\/chor-der-hwsp.de\/HPneu\/wp-content\/uploads\/2023\/10\/6-Benefizkonzert-Langen-23.9.2023-300x300.jpg 300w, https:\/\/chor-der-hwsp.de\/HPneu\/wp-content\/uploads\/2023\/10\/6-Benefizkonzert-Langen-23.9.2023-150x150.jpg 150w\" sizes=\"auto, (max-width: 605px) 100vw, 605px\" \/><figcaption class=\"wp-element-caption\"><strong>Genau der richtige Ort, um in Ruhe die Ereignisse des Tages und unseren Auftritt noch einmal Revue passieren zu lassen, ..<\/strong><\/figcaption><\/figure>\n<\/div>\n\n<div class=\"wp-block-image\">\n<figure class=\"aligncenter size-full\"><img loading=\"lazy\" decoding=\"async\" width=\"605\" height=\"605\" src=\"https:\/\/chor-der-hwsp.de\/HPneu\/wp-content\/uploads\/2023\/10\/7-Benefizkonzert-Langen-23.9.2023.jpg\" alt=\"\" class=\"wp-image-5510\" srcset=\"https:\/\/chor-der-hwsp.de\/HPneu\/wp-content\/uploads\/2023\/10\/7-Benefizkonzert-Langen-23.9.2023.jpg 605w, https:\/\/chor-der-hwsp.de\/HPneu\/wp-content\/uploads\/2023\/10\/7-Benefizkonzert-Langen-23.9.2023-300x300.jpg 300w, https:\/\/chor-der-hwsp.de\/HPneu\/wp-content\/uploads\/2023\/10\/7-Benefizkonzert-Langen-23.9.2023-150x150.jpg 150w\" sizes=\"auto, (max-width: 605px) 100vw, 605px\" \/><figcaption class=\"wp-element-caption\"><strong>&#8230; sich \u00fcber den Erfolg unseres Benefizkonzerts zu freuen und J\u00fcrgen Meyer, seiner Familie und der Kantorin Elvira Schwarz noch einmal herzlich zu danken. <\/strong>(mehr dar\u00fcber in den Bordnachrichten Nr. 32, November 2023)<\/figcaption><\/figure>\n<\/div>","protected":false},"excerpt":{"rendered":"","protected":false},"author":7,"featured_media":0,"parent":0,"menu_order":0,"comment_status":"closed","ping_status":"closed","template":"","meta":{"footnotes":""},"class_list":["post-5511","page","type-page","status-publish","hentry"],"_links":{"self":[{"href":"https:\/\/chor-der-hwsp.de\/HPneu\/wp-json\/wp\/v2\/pages\/5511","targetHints":{"allow":["GET"]}}],"collection":[{"href":"https:\/\/chor-der-hwsp.de\/HPneu\/wp-json\/wp\/v2\/pages"}],"about":[{"href":"https:\/\/chor-der-hwsp.de\/HPneu\/wp-json\/wp\/v2\/types\/page"}],"author":[{"embeddable":true,"href":"https:\/\/chor-der-hwsp.de\/HPneu\/wp-json\/wp\/v2\/users\/7"}],"replies":[{"embeddable":true,"href":"https:\/\/chor-der-hwsp.de\/HPneu\/wp-json\/wp\/v2\/comments?post=5511"}],"version-history":[{"count":2,"href":"https:\/\/chor-der-hwsp.de\/HPneu\/wp-json\/wp\/v2\/pages\/5511\/revisions"}],"predecessor-version":[{"id":5514,"href":"https:\/\/chor-der-hwsp.de\/HPneu\/wp-json\/wp\/v2\/pages\/5511\/revisions\/5514"}],"wp:attachment":[{"href":"https:\/\/chor-der-hwsp.de\/HPneu\/wp-json\/wp\/v2\/media?parent=5511"}],"curies":[{"name":"wp","href":"https:\/\/api.w.org\/{rel}","templated":true}]}}